ons digit of 3848351185?
3
What is the units digit of 3326089594?
4
What is the hundreds digit of 206719721?
7
What is the hundreds digit of 2105689573?
5
What is the tens digit of 139928298?
9
What is the ten millions digit of 44450160?
4
What is the thousands digit of 1828690?
8
What is the hundreds digit of 929233389?
3
What is the hundreds digit of 28691090?
0
What is the tens digit of 339571138?
3
What is the hundreds digit of 3237233739?
7
What is the ten millions digit of 92772508?
9
What is the millions digit of 403099128?
3
What is the hundreds digit of 157500446?
4
What is the millions digit of 83335903?
3
What is the ten millions digit of 248400306?
4
What is the millions digit of 199395242?
9
What is the ten thousands digit of 1082338166?
3
What is the hundred millions digit of 4969858255?
9
What is the hundreds digit of 251557922?
9
What is the thousands digit of 219440792?
0
What is the hundred thousands digit of 66456416?
4
What is the units digit of 170115332?
2
What is the thousands digit of 7573250157?
0
What is the ten millions digit of 93230428?
9
What is the ten thousands digit of 9990840?
9
What is the ten millions digit of 896031352?
9
What is the ten millions digit of 34048505?
3
What is the hundred millions digit of 4733821343?
7
What is the hundred thousands digit of 1482525013?
5
What is the millions digit of 38914518?
8
What is the hundreds digit of 178582249?
2
What is the tens digit of 719374755?
5
What is the thousands digit of 4893338028?
8
What is the ten thousands digit of 102062003?
6
What is the hundreds digit of 1650240765?
7
What is the hundred thousands digit of 2246678992?
6
What is the ten millions digit of 56190140?
5
What is the ten millions digit of 18876170?
1
What is the hundred thousands digit of 825156751?
1
What is the hundred millions digit of 244782626?
2
What is the thousands digit of 4443050?
3
What is the units digit of 235304569?
9
What is the units digit of 4299414840?
0
What is the millions digit of 618617998?
8
What is the hundred thousands digit of 15435309?
4
What is the ten thousands digit of 65187188?
8
What is the hundred thousands digit of 6426644791?
6
What is the thousands digit of 1580382807?
2
What is the millions digit of 2207084876?
7
What is the billions digit of 3267813612?
3
What is the billions digit of 1236302607?
1
What is the hundred thousands digit of 436773372?
7
What is the ten thousands digit of 297556010?
5
What is the millions digit of 16884822?
6
What is the hundreds digit of 1083022909?
9
What is the millions digit of 1150283197?
0
What is the thousands digit of 91241549?
1
What is the units digit of 1561090708?
8
What is the ten millions digit of 416158387?
1
What is the ten millions digit of 146625007?
4
What is the thousands digit of 101786613?
6
What is the millions digit of 744806191?
4
What is the hundred thousands digit of 914727480?
7
What is the thousands digit of 201575830?
5
What is the units digit of 44577748?
8
What is the millions digit of 79463358?
9
What is the thousands digit of 57442887?
2
What is the tens digit of 5254534334?
3
What is the hundred millions digit of 189726871?
1
What is the ten thousands digit of 2134923690?
2
What is the hundred thousands digit of 1387830884?
8
What is the ten millions digit of 1913222514?
1
What is the ten thousands digit of 22853477?
5
What is the thousands digit of 396262724?
2
What is the ten thousands digit of 1413231349?
3
What is the hundred millions digit of 3808829666?
8
What is the units digit of 311511512?
2
What is the hundreds digit of 339078844?
8
What is the hundreds digit of 45268787?
7
What is the millions digit of 20691383?
0
What is the ten thousands digit of 836292035?
9
What is the ten millions digit of 220833589?
2
What is the ten millions digit of 43856130?
4
What is the millions digit of 1031811491?
1
What is the thousands digit of 33190886?
0
What is the tens digit of 1407228601?
0
What is the tens digit of 176874572?
7
What is the ten millions digit of 960308767?
6
What is the millions digit of 940028162?
0
What is the ten thousands digit of 236674753?
7
What is the ten thousands digit of 408686826?
8
What is the hundred thousands digit of 696111090?
1
What is the millions digit of 964194776?
4
What is the tens digit of 63110393?
9
What is the hundred thousands digit of 7491302?
4
What is the hundred thousands digit of 817190521?
1
What is the ten thousands digit of 167109911?
0
What is the ten thousands digit of 1351417723?
1
What is the hundred thousands digit of 2011625725?
6
What is the ten thousands digit of 32962216?
6
What is the ten millions digit of 103793153?
0
What is the hundred millions digit of 461396567?
4
What is the hundreds digit of 368774533?
5
What is the thousands digit of 3043302?
3
What is the tens digit of 759361706?
0
What is the hundreds digit of 45425269?
2
What is the units digit of 128520144?
4
What is the units digit of 53070519?
9
What is the hundred millions digit of 4031740619?
0
What is the units digit of 352043769?
9
What is the tens digit of 43281491?
9
What is the millions digit of 964271233?
4
What is the units digit of 117471428?
8
What is the units digit of 167999234?
4
What is the hundreds digit of 111051954?
9
What is the millions digit of 68089738?
8
What is the tens digit of 42563749?
4
What is the hundreds digit of 44177399?
3
What is the tens digit of 5704964843?
4
What is the units digit of 654475850?
0
What is the ten millions digit of 223924515?
2
What is the tens digit of 16087920?
2
What is the thousands digit of 264816229?
6
What is the ten millions digit of 26898565?
2
What is the millions digit of 61472817?
1
What is the ten millions digit of 939037591?
3
What is the hundred thousands digit of 36634610?
6
What is the hundreds digit of 51494012?
0
What is the ten thousands digit of 608308037?
0
What is the tens digit of 2247952618?
1
What is the thousands digit of 1117692?
7
What is the ten millions digit of 494240951?
9
What is the units digit of 93754245?
5
What is the hundreds digit of 45262896?
8
What is the units digit of 27696790?
0
What is the hundreds digit of 1621591339?
3
What is the hundreds digit of 1487799727?
7
What is the hundreds digit of 64020427?
4
What is the billions digit of 1056940959?
1
What is the units digit of 363680154?
4
What is the tens digit of 1400187553?
5
What is the ten thousands digit of 74734993?
3
What is the hundreds digit of 69980421?
4
What is the ten millions digit of 10456092?
1
What is the hundred thousands digit of 515947921?
9
What is the billions digit of 2890435667?
2
What is the tens digit of 32744634?
3
What is the millions digit of 4974706264?
4
What is the hundreds digit of 69432788?
7
What is the thousands digit of 601539233?
9
What is the hundred thousands digit of 56027222?
0
What is the hundred thousands digit of 17913127?
9
What is the units digit of 33510910?
0
What is the ten thousands digit of 112013440?
1
What is the ten millions digit of 128152367?
2
What is the hundred millions digit of 537431889?
5
What is the tens digit of 35688942?
4
What is the hundred thousands digit of 1417368580?
3
What is the hundred millions digit of 566010999?
5
What is the hundred thousands digit of 83439658?
4
What is the ten thousands digit of 430078125?
7
What is the hundred millions digit of 124285320?
1
What is the ten thousands digit of 1937272328?
7
What is the hundreds digit of 798495723?
7
What is the billions digit of 1631168761?
1
What is the ten thousands digit of 10626731?
2
What is the tens digit of 5371927593?
9
What is the millions digit of 282038645?
2
What is the ten millions digit of 1416451358?
1
What is the ten thousands digit of 1522774238?
7
What is the hundreds digit of 20106917?
9
What is the millions digit of 10505528?
0
What is the ten millions digit of 3894178439?
9
What is the hundreds digit of 1462803052?
0
What is the hundred thousands digit of 22459597?
4
What is the ten millions digit of 104299217?
0
What is the thousands digit of 189352074?
2
What is the ten millions digit of 268579966?
6
What is the ten thousands digit of 93461521?
6
What is the millions digit of 329952602?
9
What is the hundred thousands digit of 244169120?
1
What is the tens digit of 